
13032122130
What is -141112403 (base 5) in base 10?
-722853
Convert -121221112222121 (base 3) to base 8.
-42265747
What is -18a659 (base 13) in base 3?
-1011122101010
Convert 2a85a4 (base 11) to base 13.
13a56a
What is -10010011111011000 (base 2) in base 13?
-2861b
What is 655636 (base 7) in base 5?
12134013
a58257 (base 13) to base 7
44632435
-10101110111001010 (base 2) to base 7
-522032
What is -377708 (base 13) in base 4?
-11010303020
10301211 (base 5) to base 2
10101011010000001
What is -56a22a (base 16) in base 8?
-25521052
221120254 (base 6) to base 16
3cac2a
What is -103102412 (base 5) in base 16?
-6ba96
Convert 1c78ba (base 13) to base 7.
6132634
What is 11001000111110000000 (base 2) in base 12?
338454
Convert -122891 (base 14) to base 6.
-21154515
13421255 (base 6) to base 8
1566443
Convert -1110110101010111110 (base 2) to base 6.
-14230210
Convert -3147512 (base 8) to base 5.
-203330443
14485500 (base 9) to base 14
d56627
-551155 (base 7) to base 8
-274330
What is -10111010101000000101 (base 2) in base 10?
-764421
Convert -23232312022 (base 4) to base 8.
-13566612
Convert -3155252 (base 6) to base 15.
-310a8
What is -6a20354 (base 11) in base 2?
-101110110011100000001100
What is 11001000110000111010 (base 2) in base 4?
3020300322
-3136e (base 16) to base 14
-5366a
-1ab4b9 (base 13) to base 6
-22340534
Convert -6713774 (base 8) to base 13.
-4b4162
What is 1446150 (base 7) in base 9?
328640
Convert -10160001 (base 7) to base 6.
-30153113
34155523 (base 9) to base 12
5671570
-11222100011020 (base 3) to base 4
-22011203211
-14340463 (base 7) to base 15
-1bb48a
Convert 11144672 (base 8) to base 5.
1104122223
Convert -4650631 (base 7) to base 6.
-20302331
What is -60530 (base 12) in base 8?
-364364
-2823536 (base 10) to base 16
-2b1570
Convert -101410301 (base 5) to base 14.
-acc0b
What is 175774 (base 11) in base 16?
42311
What is -228470 (base 12) in base 5?
-120203440
-1034010340 (base 5) to base 6
-120124000
-2aea26 (base 15) to base 3
-10220101201200
-120202021011 (base 3) to base 15
-61ccd
-17801a (base 13) to base 3
-1002220201010
Convert -1a66206 (base 11) to base 9.
-6481112
-42460273 (base 8) to base 15
-be2071
-1503642 (base 8) to base 6
-13101110
Convert 96887 (base 12) to base 5.
22320442
What is -98919 (base 10) in base 2?
-11000001001100111
What is 98416 (base 15) in base 11?
300328
18a9b3 (base 13) to base 5
124422133
-1403233 (base 7) to base 16
-2d6ac
What is 4186 (base 9) in base 11?
2346
Convert -576171 (base 10) to base 5.
-121414141
What is 342014440 (base 5) in base 10?
1516870
Convert 1041420 (base 6) to base 5.
3132322
Convert -101010110010100100110 (base 2) to base 8.
-5262446
What is 31000003 (base 4) in base 15?
10ba1
Convert -61343206 (base 7) to base 8.
-23420101
354b (base 14) to base 12
5453
What is -23a6a70 (base 11) in base 12?
-1498146
What is -223221222 (base 6) in base 11?
-2335555
-9e790 (base 15) to base 10
-504585
What is -3455a (base 13) in base 8?
-272237
Convert 12201121011220 (base 3) to base 10.
3042978
Convert 2012201211020 (base 3) to base 10.
1175748
-4efd0 (base 16) to base 5
-40323121
What is -201021002 (base 3) in base 13?
-6512
What is -373b06 (base 12) in base 6?
-31131210
-122021121120 (base 4) to base 14
-ca5c80
Convert -423534 (base 8) to base 4.
-202131130
-4bb840 (base 14) to base 10
-2605680
What is -251056 (base 13) in base 16?
-d8b6b
-1819a0 (base 11) to base 7
-2246252
What is -273681 (base 9) in base 2?
-101000101101110011
Convert -3655162 (base 12) to base 8.
-50227632
-233200010 (base 4) to base 13
-6a736
-1450124 (base 6) to base 5
-10144132
What is 3441312244 (base 5) in base 12?
2722b18
Convert -9ac657 (base 14) to base 3.
-100220011122210
Convert 98003c (base 13) to base 3.
20201101100202
5d37b8 (base 15) to base 9
8357352
What is -1904151 (base 11) in base 12?
-10b7249
What is 111223552 (base 7) in base 12?
2313934
Convert 89b52 (base 14) to base 3.
121222111201
Convert -4812 (base 12) to base 10.
-8078
What is 302123002 (base 4) in base 3?
101111022021
What is -313304 (base 11) in base 15?
-9dbbe
-a0a09 (base 12) to base 14
-5614d
Convert bc8cb (base 16) to base 2.
10111100100011001011
7db5e4 (base 15) to base 6
332510154
What is 34104006 (base 7) in base 2?
1011010010100000110010
-53033405 (base 6) to base 9
-2813375
12714c (base 16) to base 4
10213011030
What is -1342024 (base 6) in base 11?
-518a2
Convert -89213 (base 10) to base 12.
-43765
What is -3d977 (base 16) in base 2?
-111101100101110111
What is 3220212200 (base 5) in base 4?
121331021102
What is -11111010000001101 (base 2) in base 15?
-27de3
Convert 324412311 (base 5) to base 2.
101010110110010110001
-47be89 (base 15) to base 16
-345f57
2210001120 (base 3) to base 12
277b9
What is -56e40 (base 15) in base 8?
-1034151
Convert -3810a89 (base 12) to base 11.
-6213656
What is -1121001102112 (base 3) in base 10?
-847409
What is 131a5 (base 16) in base 5?
10000440
-12021021000 (base 3) to base 2
-11001010100011011
5a2f0f (base 16) to base 10
5910287
What is -1105535 (base 6) in base 11?
-38950
Convert -6032a (base 13) to base 9.
-281730
Convert 11141113 (base 5) to base 11.
68865
What is 10ac6 (base 13) in base 6?
352445
1090188 (base 11) to base 4
13100232323
Convert -2733c (base 14) to base 2.
-10111100110101010
Convert -2312220 (base 4) to base 7.
-46035
-1100000101110100010101 (base 2) to base 14
-5c712d
1342b2 (base 13) to base 8
1616507
Convert -152014 (base 9) to base 12.
-46011
What is 4f3f (base 16) in base 7?
113101
What is -201020002220 (base 3) in base 16?
-5c63d
Convert -1c2d99 (base 14) to base 9.
-1804284
-241515 (base 10) to base 7
-2024061
Convert 7602 (base 11) to base 16.
273d
Convert -3655726 (base 9) to base 10.
-1985658
What is -184a9 (base 11) in base 14?
-9616
cc8c5 (base 13) to base 15
74c24
Convert -11001001111010000000 (base 2) to base 14.
-177560
What is 10043664 (base 7) in base 4?
3023233110
-202106 (base 7) to base 3
-1202010102
What is 111111101100011110000 (base 2) in base 8?
7754360
What is -1110132101 (base 4) in base 10?
-346001
Convert 1890075 (base 10) to base 16.
1cd71b
Convert -5220a2 (base 13) to base 3.
-10121110011020
13341222 (base 6) to base 14
b9754
-11ee7 (base 16) to base 3
-10201202021
What is -112396 (base 14) in base 3?
-1002120222011
What is 1aa838 (base 12) in base 4?
1303320230
Convert 230001112 (base 4) to base 16.
2c056
What is -201208 (base 9) in base 13?
-42218
What is -104313332 (base 5) in base 11?
-297338
What is 77558 (base 10) in base 16?
12ef6
Convert 11101001001110001 (base 2) to base 13.
42474
What is -131201132 (base 5) in base 4?
-2131332002
Convert 1000344 (base 7) to base 9.
188560
-18b5a9 (base 15) to base 12
-4a0080
Convert -10110101100111111001 (base 2) to base 14.
-15517b
What is -328741 (base 10) in base 2?
-1010000010000100101
Convert 6e1ac (base 15) to base 2.
1010101110010011011
101100532 (base 6) to base 2
110100111011001101000
Convert -22631134 (base 7) to base 15.
-294d31
110211001001 (base 3) to base 10
252262
Convert 441320003 (base 5) to base 6.
104430033
What is 15103510 (base 6) in base 9?
874726
-788261 (base 11) to base 14
-249746
-6b2811 (base 12) to base 11
-a79607
3a8b9 (base 13) to base 7
633146
What is -ab6ba7 (base 13) in base 6?
-222350131
105133040 (base 6) to base 3
10121210220220
What is 101001101111110011101 (base 2) in base 12?
55b791
-20422103 (base 5) to base 13
-5c674
-baa (base 16) to base 9
-4077
43241 (base 9) to base 2
110111111010110
What is 200000131 (base 4) in base 11?
8a553
Convert -720007 (base 10) to base 15.
-e3507
9c6ba9 (base 15) to base 3
112001020201120
10111210022121 (base 3) to base 12
75b867
-8336511 (base 9) to base 8
-20771433
110221020220102 (base 3) to base 16
68e520
What is 5501355 (base 6) in base 10?
272519
What is 103334154 (base 7) in base 15?
82028c
What is 8a70bb (base 16) in base 14?
12c25d1
210221203 (base 5) to base 11
542480
Convert 134234400 (base 6) to base 7.
32113653
Convert -505135 (base 7) to base 13.
-300ac
What is 22112103201 (base 4) in base 6?
134051133
Convert -76c97b (base 14) to base 5.
-2012430230
4fd078 (base 16) to base 2
10011111101000001111000
-1213111 (base 6) to base 5
-4023240
Convert 2406b (base 16) to base 15.
2dac8
Convert -2211121202 (base 3) to bas